and 76.
2
What is the greatest common divisor of 112 and 3360?
112
What is the greatest common divisor of 10 and 53330?
10
Calculate the greatest common divisor of 174 and 290.
58
What is the greatest common factor of 58 and 2?
2
What is the greatest common divisor of 99 and 18?
9
What is the greatest common divisor of 18 and 387?
9
What is the greatest common divisor of 169 and 13?
13
What is the highest common factor of 1100 and 2820?
20
What is the highest common divisor of 1071 and 189?
63
Calculate the greatest common factor of 42166 and 174.
58
What is the greatest common divisor of 306 and 972?
18
What is the greatest common divisor of 1383 and 6?
3
What is the greatest common factor of 777 and 210?
21
What is the greatest common factor of 189 and 1863?
27
What is the greatest common divisor of 25 and 80?
5
What is the greatest common divisor of 8712 and 44?
44
Calculate the greatest common factor of 100 and 3200.
100
Calculate the greatest common factor of 10 and 2410.
10
Calculate the highest common factor of 384 and 96.
96
What is the highest common factor of 20 and 6610?
10
Calculate the highest common divisor of 24613 and 163.
163
Calculate the highest common factor of 12 and 36.
12
Calculate the highest common factor of 12 and 1212.
12
What is the highest common factor of 28 and 77?
7
What is the greatest common divisor of 7279 and 29?
29
What is the highest common factor of 3490 and 10?
10
Calculate the highest common divisor of 36 and 33.
3
Calculate the greatest common factor of 26487 and 54.
27
Calculate the greatest common factor of 1 and 244.
1
What is the highest common factor of 39 and 2197?
13
Calculate the greatest common factor of 496 and 62.
62
Calculate the highest common factor of 144 and 2192.
16
Calculate the highest common factor of 345 and 207.
69
What is the highest common divisor of 33 and 3399?
33
What is the highest common factor of 56 and 32?
8
What is the greatest common factor of 72 and 120?
24
What is the greatest common factor of 112 and 2716?
28
What is the greatest common factor of 20 and 65?
5
Calculate the greatest common divisor of 1210 and 140.
10
Calculate the greatest common factor of 196 and 637.
49
What is the greatest common divisor of 60 and 212?
4
Calculate the greatest common factor of 11851 and 7.
7
Calculate the greatest common factor of 40896 and 72.
72
What is the greatest common factor of 2140 and 40?
20
What is the greatest common divisor of 275 and 15290?
55
Calculate the greatest common divisor of 1216 and 64.
64
Calculate the highest common factor of 14276 and 172.
172
Calculate the highest common factor of 350 and 140.
70
Calculate the highest common divisor of 11 and 143.
11
Calculate the highest common factor of 2354 and 1926.
214
What is the greatest common factor of 108 and 68?
4
What is the greatest common divisor of 60 and 16?
4
Calculate the greatest common divisor of 12 and 9708.
12
What is the greatest common divisor of 26 and 2314?
26
Calculate the greatest common factor of 840 and 126.
42
What is the greatest common factor of 946 and 22?
22
Calculate the greatest common factor of 4 and 16516.
4
What is the greatest common divisor of 126 and 294?
42
What is the highest common factor of 11 and 3135?
11
What is the greatest common factor of 1496 and 66?
22
What is the greatest common divisor of 39 and 195?
39
What is the greatest common divisor of 37 and 111?
37
Calculate the highest common divisor of 143 and 6149.
143
Calculate the highest common divisor of 951 and 9.
3
What is the highest common divisor of 5 and 45?
5
What is the greatest common divisor of 77 and 6787?
11
What is the greatest common factor of 94 and 5546?
94
What is the highest common factor of 1802 and 212?
106
What is the greatest common factor of 7 and 413?
7
What is the greatest common divisor of 24 and 162?
6
What is the highest common factor of 35 and 84?
7
Calculate the highest common divisor of 444 and 24.
12
Calculate the greatest common divisor of 940 and 200.
20
Calculate the greatest common factor of 568 and 888.
8
Calculate the highest common divisor of 84 and 11116.
28
Calculate the highest common factor of 63 and 581.
7
What is the highest common factor of 44 and 8?
4
What is the highest common divisor of 679 and 7760?
97
Calculate the greatest common factor of 176 and 286.
22
Calculate the highest common divisor of 4653 and 6.
3
Calculate the highest common factor of 3405 and 30.
15
What is the highest common factor of 31816 and 82?
82
Calculate the greatest common factor of 212 and 40598.
106
What is the highest common divisor of 6908 and 176?
44
Calculate the greatest common divisor of 923 and 13.
13
What is the highest common divisor of 18 and 261?
9
What is the highest common divisor of 147 and 21?
21
Calculate the greatest common factor of 18 and 1719.
9
Calculate the greatest common factor of 3315 and 1365.
195
Calculate the greatest common factor of 4588 and 217.
31
Calculate the highest common divisor of 2133 and 27.
27
What is the greatest common divisor of 30 and 810?
30
What is the greatest common divisor of 16 and 68?
4
What is the greatest common divisor of 38 and 2926?
38
What is the greatest common factor of 118 and 826?
118
What is the greatest common divisor of 12942 and 18?
18
Calculate the highest common factor of 1107 and 234.
9
What is the greatest common factor of 3836 and 98?
14
Calculate the highest common divisor of 1496 and 408.
136
Calculate the highest common factor of 1125 and 360.
45
What is the greatest common divisor of 36850 and 22?
22
What is the greatest common factor of 735 and 70?
35
Calculate the greatest common divisor of 804 and 516.
12
Calculate the highest common factor of 8 and 1008.
8
Calculate the highest common factor of 4671 and 270.
27
Calculate the highest common divisor of 518 and 37.
37
What is the highest common factor of 11526 and 102?
102
Calculate the greatest common divisor of 1130 and 20.
10
Calculate the greatest common divisor of 630 and 42.
42
Calculate the highest common divisor of 1862 and 294.
98
Calculate the greatest common divisor of 40 and 224.
8
What is the greatest common factor of 760 and 480?
40
Calculate the highest common factor of 120 and 30.
30
Calculate the highest common factor of 567 and 27.
27
What is the greatest common divisor of 88 and 77?
11
Calculate the greatest common factor of 88890 and 30.
30
Calculate the highest common divisor of 128 and 2624.
64
What is the greatest common factor of 4 and 148?
4
What is the greatest common divisor of 6615 and 175?
35
What is the greatest common divisor of 23 and 12167?
23
Calculate the greatest common factor of 440 and 3160.
40
Calculate the highest common divisor of 32 and 64.
32
What is the greatest common factor of 15 and 505?
5
What is the greatest common factor of 1775 and 100?
25
What is the greatest common divisor of 78 and 978?
6
What is the highest common divisor of 49 and 21?
7
What is the highest common divisor of 3032 and 16?
8
What is the highest common factor of 125 and 625?
125
What is the greatest common factor of 8 and 2744?
8
What is the highest common factor of 306 and 18?
18
Calculate the greatest common factor of 98 and 1134.
14
Calculate the highest common factor of 150 and 160.
10
What is the greatest common divisor of 13 and 2054?
13
Calculate the greatest common divisor of 1105 and 13.
13
What is the highest common factor of 12709 and 71?
71
What is the greatest common factor of 453 and 3?
3
What is the greatest common factor of 6425 and 1799?
257
What is the highest common divisor of 427 and 14?
7
Calculate the greatest common factor of 1628 and 111.
37
What is the highest common factor of 9 and 129?
3
Calculate the highest common divisor of 171 and 228.
57
Calculate the greatest common divisor of 298 and 4.
2
What is the highest common factor of 1558 and 38?
38
What is the greatest common factor of 286 and 52?
26
What is the highest common divisor of 436 and 327?
109
What is the greatest common divisor of 323 and 57?
19
What is the greatest common factor of 62 and 9362?
62
Calculate the highest common divisor of 39 and 143.
13
Calculate the greatest common divisor of 53 and 10176.
53
Calculate the highest common divisor of 672 and 63.